{"id":6722,"date":"2026-03-26T14:42:55","date_gmt":"2026-03-26T14:42:55","guid":{"rendered":"https:\/\/car-partner.de\/?page_id=6722"},"modified":"2026-04-08T21:55:17","modified_gmt":"2026-04-08T21:55:17","slug":"unser-unternehmen","status":"publish","type":"page","link":"https:\/\/car-partner.de\/index.php\/unser-unternehmen\/","title":{"rendered":"Unser Unternehmen"},"content":{"rendered":"\t\t<div data-elementor-type=\"wp-page\" data-elementor-id=\"6722\" class=\"elementor elementor-6722\">\n\t\t\t\t<div class=\"elementor-element elementor-element-6f5dd21 e-flex e-con-boxed e-con e-parent\" data-id=\"6f5dd21\" data-element_type=\"container\" data-e-type=\"container\">\n\t\t\t\t\t<div class=\"e-con-inner\">\n\t\t<div class=\"elementor-element elementor-element-6d5e7b7 e-con-full e-flex e-con e-child\" data-id=\"6d5e7b7\" data-element_type=\"container\" data-e-type=\"container\">\n\t\t\t\t<div class=\"elementor-element elementor-element-20dafc5 at-image-animation at-animation-image-none elementor-widget elementor-widget-image\" data-id=\"20dafc5\" data-element_type=\"widget\" data-e-type=\"widget\" data-settings=\"{&quot;ekit_we_effect_on&quot;:&quot;none&quot;}\" data-widget_type=\"image.default\">\n\t\t\t\t<div class=\"elementor-widget-container\">\n\t\t\t\t\t\t\t\t\t\t\t\t\t\t\t<img fetchpriority=\"high\" decoding=\"async\" width=\"688\" height=\"1024\" src=\"https:\/\/car-partner.de\/wp-content\/uploads\/2026\/04\/WhatsApp-Image-2026-04-08-at-20.52.18-688x1024.jpeg\" class=\"attachment-large size-large wp-image-8389\" alt=\"\" srcset=\"https:\/\/car-partner.de\/wp-content\/uploads\/2026\/04\/WhatsApp-Image-2026-04-08-at-20.52.18-688x1024.jpeg 688w, https:\/\/car-partner.de\/wp-content\/uploads\/2026\/04\/WhatsApp-Image-2026-04-08-at-20.52.18-201x300.jpeg 201w, https:\/\/car-partner.de\/wp-content\/uploads\/2026\/04\/WhatsApp-Image-2026-04-08-at-20.52.18-768x1143.jpeg 768w, https:\/\/car-partner.de\/wp-content\/uploads\/2026\/04\/WhatsApp-Image-2026-04-08-at-20.52.18-1032x1536.jpeg 1032w, https:\/\/car-partner.de\/wp-content\/uploads\/2026\/04\/WhatsApp-Image-2026-04-08-at-20.52.18.jpeg 1080w\" sizes=\"(max-width: 688px) 100vw, 688px\" \/>\t\t\t\t\t\t\t\t\t\t\t\t\t\t\t<\/div>\n\t\t\t\t<\/div>\n\t\t\t\t<div class=\"elementor-element elementor-element-631f676 at-image-animation at-animation-image-none elementor-widget elementor-widget-image\" data-id=\"631f676\" data-element_type=\"widget\" data-e-type=\"widget\" data-settings=\"{&quot;ekit_we_effect_on&quot;:&quot;none&quot;}\" data-widget_type=\"image.default\">\n\t\t\t\t<div class=\"elementor-widget-container\">\n\t\t\t\t\t\t\t\t\t\t\t\t\t\t\t<img decoding=\"async\" width=\"800\" height=\"641\" src=\"https:\/\/car-partner.de\/wp-content\/uploads\/2026\/04\/WhatsApp-Image-2026-04-08-at-20.52.98-1024x820.jpeg\" class=\"attachment-large size-large wp-image-8388\" alt=\"\" srcset=\"https:\/\/car-partner.de\/wp-content\/uploads\/2026\/04\/WhatsApp-Image-2026-04-08-at-20.52.98-1024x820.jpeg 1024w, https:\/\/car-partner.de\/wp-content\/uploads\/2026\/04\/WhatsApp-Image-2026-04-08-at-20.52.98-300x240.jpeg 300w, https:\/\/car-partner.de\/wp-content\/uploads\/2026\/04\/WhatsApp-Image-2026-04-08-at-20.52.98-768x615.jpeg 768w, https:\/\/car-partner.de\/wp-content\/uploads\/2026\/04\/WhatsApp-Image-2026-04-08-at-20.52.98-1536x1229.jpeg 1536w, https:\/\/car-partner.de\/wp-content\/uploads\/2026\/04\/WhatsApp-Image-2026-04-08-at-20.52.98.jpeg 2048w\" sizes=\"(max-width: 800px) 100vw, 800px\" \/>\t\t\t\t\t\t\t\t\t\t\t\t\t\t\t<\/div>\n\t\t\t\t<\/div>\n\t\t\t\t<\/div>\n\t\t<div class=\"elementor-element elementor-element-6fbd44e e-con-full e-flex e-con e-child\" data-id=\"6fbd44e\" data-element_type=\"container\" data-e-type=\"container\">\n\t\t\t\t<div class=\"elementor-element elementor-element-40a8bef elementor-widget elementor-widget-text-editor\" data-id=\"40a8bef\" data-element_type=\"widget\" data-e-type=\"widget\" data-settings=\"{&quot;ekit_we_effect_on&quot;:&quot;none&quot;}\" data-widget_type=\"text-editor.default\">\n\t\t\t\t<div class=\"elementor-widget-container\">\n\t\t\t\t\t\t\t\t\t<h2 data-section-id=\"131q306\" data-start=\"93\" data-end=\"129\"><span role=\"text\"><strong data-start=\"96\" data-end=\"129\">\u00dcber A&amp;G Car-Partner in Essen<\/strong><\/span><\/h2><p data-start=\"131\" data-end=\"429\">Wir setzen\u00a0 auf einen kundenorientierten Service, der Ihnen den Fahrzeugunterhalt so einfach wie m\u00f6glich macht. Flexible \u00d6ffnungszeiten, schnelle Terminvergaben und ein umfassendes Leistungsspektrum sorgen daf\u00fcr, dass Ihr Fahrzeug jederzeit in bestem Zustand bleibt.<\/p><p data-start=\"431\" data-end=\"768\">In unserer modern ausgestatteten Werkstatt mit fortschrittlicher Diagnose- und Reparaturtechnik steht Ihnen ein erfahrenes Team zur Seite, das alle Arbeiten mit h\u00f6chster Pr\u00e4zision und Fachkenntnis ausf\u00fchrt \u2013 von Wartung und Inspektion \u00fcber Reparaturen bis hin zu Spezialleistungen wie Getriebesp\u00fclung, Autoglas und Unfall-Instandsetzung.<\/p><p data-start=\"770\" data-end=\"913\">Unser Ziel ist es, Ihnen einen zuverl\u00e4ssigen, transparenten und professionellen Service zu bieten, auf den Sie sich jederzeit verlassen k\u00f6nnen.<\/p>\t\t\t\t\t\t\t\t<\/div>\n\t\t\t\t<\/div>\n\t\t\t\t<\/div>\n\t\t\t\t\t<\/div>\n\t\t\t\t<\/div>\n\t\t<div class=\"elementor-element elementor-element-7e55d23 e-flex e-con-boxed e-con e-parent\" data-id=\"7e55d23\" data-element_type=\"container\" data-e-type=\"container\">\n\t\t\t\t\t<div class=\"e-con-inner\">\n\t\t\t\t<div class=\"elementor-element elementor-element-8972798 elementor-widget-divider--view-line elementor-widget elementor-widget-divider\" data-id=\"8972798\" data-element_type=\"widget\" data-e-type=\"widget\" data-settings=\"{&quot;ekit_we_effect_on&quot;:&quot;none&quot;}\" data-widget_type=\"divider.default\">\n\t\t\t\t<div class=\"elementor-widget-container\">\n\t\t\t\t\t\t\t<div class=\"elementor-divider\">\n\t\t\t<span class=\"elementor-divider-separator\">\n\t\t\t\t\t\t<\/span>\n\t\t<\/div>\n\t\t\t\t\t\t<\/div>\n\t\t\t\t<\/div>\n\t\t\t\t\t<\/div>\n\t\t\t\t<\/div>\n\t\t<div class=\"elementor-element elementor-element-ce2d668 e-flex e-con-boxed e-con e-parent\" data-id=\"ce2d668\" data-element_type=\"container\" data-e-type=\"container\">\n\t\t\t\t\t<div class=\"e-con-inner\">\n\t\t\t\t<div class=\"elementor-element elementor-element-4b22d56 elementor-widget elementor-widget-spacer\" data-id=\"4b22d56\" data-element_type=\"widget\" data-e-type=\"widget\" data-settings=\"{&quot;ekit_we_effect_on&quot;:&quot;none&quot;}\" data-widget_type=\"spacer.default\">\n\t\t\t\t<div class=\"elementor-widget-container\">\n\t\t\t\t\t\t\t<div class=\"elementor-spacer\">\n\t\t\t<div class=\"elementor-spacer-inner\"><\/div>\n\t\t<\/div>\n\t\t\t\t\t\t<\/div>\n\t\t\t\t<\/div>\n\t\t\t\t\t<\/div>\n\t\t\t\t<\/div>\n\t\t<div class=\"elementor-element elementor-element-4db7881 e-flex e-con-boxed e-con e-parent\" data-id=\"4db7881\" data-element_type=\"container\" data-e-type=\"container\">\n\t\t\t\t\t<div class=\"e-con-inner\">\n\t\t<div class=\"elementor-element elementor-element-a23c976 e-con-full e-flex e-con e-child\" data-id=\"a23c976\" data-element_type=\"container\" data-e-type=\"container\">\n\t\t\t\t<div class=\"elementor-element elementor-element-f9e58e9 elementor-view-default elementor-widget elementor-widget-icon\" data-id=\"f9e58e9\" data-element_type=\"widget\" data-e-type=\"widget\" data-settings=\"{&quot;ekit_we_effect_on&quot;:&quot;none&quot;}\" data-widget_type=\"icon.default\">\n\t\t\t\t<div class=\"elementor-widget-container\">\n\t\t\t\t\t\t\t<div class=\"elementor-icon-wrapper\">\n\t\t\t<div class=\"elementor-icon\">\n\t\t\t<i aria-hidden=\"true\" class=\"icon icon-shield\"><\/i>\t\t\t<\/div>\n\t\t<\/div>\n\t\t\t\t\t\t<\/div>\n\t\t\t\t<\/div>\n\t\t\t\t<\/div>\n\t\t<div class=\"elementor-element elementor-element-cb58c50 e-con-full e-flex e-con e-child\" data-id=\"cb58c50\" data-element_type=\"container\" data-e-type=\"container\">\n\t\t\t\t<div class=\"elementor-element elementor-element-733506b elementor-widget elementor-widget-text-editor\" data-id=\"733506b\" data-element_type=\"widget\" data-e-type=\"widget\" data-settings=\"{&quot;ekit_we_effect_on&quot;:&quot;none&quot;}\" data-widget_type=\"text-editor.default\">\n\t\t\t\t<div class=\"elementor-widget-container\">\n\t\t\t\t\t\t\t\t\t<h2 data-section-id=\"uij6fk\" data-start=\"128\" data-end=\"159\"><span role=\"text\"><strong data-start=\"134\" data-end=\"159\">Zuverl\u00e4ssige Qualit\u00e4t<\/strong><\/span><\/h2><p data-start=\"160\" data-end=\"309\">Wir setzen auf pr\u00e4zise Arbeit, moderne Diagnosetechnik und hochwertige Ersatzteile, damit Ihr Fahrzeug sicher, leistungsstark und zuverl\u00e4ssig bleibt.<\/p>\t\t\t\t\t\t\t\t<\/div>\n\t\t\t\t<\/div>\n\t\t\t\t<\/div>\n\t\t\t\t\t<\/div>\n\t\t\t\t<\/div>\n\t\t<div class=\"elementor-element elementor-element-723a129 e-flex e-con-boxed e-con e-parent\" data-id=\"723a129\" data-element_type=\"container\" data-e-type=\"container\">\n\t\t\t\t\t<div class=\"e-con-inner\">\n\t\t<div class=\"elementor-element elementor-element-9636ed7 e-con-full e-flex e-con e-child\" data-id=\"9636ed7\" data-element_type=\"container\" data-e-type=\"container\">\n\t\t\t\t<div class=\"elementor-element elementor-element-20f9c44 elementor-view-default elementor-widget elementor-widget-icon\" data-id=\"20f9c44\" data-element_type=\"widget\" data-e-type=\"widget\" data-settings=\"{&quot;ekit_we_effect_on&quot;:&quot;none&quot;}\" data-widget_type=\"icon.default\">\n\t\t\t\t<div class=\"elementor-widget-container\">\n\t\t\t\t\t\t\t<div class=\"elementor-icon-wrapper\">\n\t\t\t<div class=\"elementor-icon\">\n\t\t\t<i aria-hidden=\"true\" class=\"icon icon-car\"><\/i>\t\t\t<\/div>\n\t\t<\/div>\n\t\t\t\t\t\t<\/div>\n\t\t\t\t<\/div>\n\t\t\t\t<\/div>\n\t\t<div class=\"elementor-element elementor-element-9d2e4f0 e-con-full e-flex e-con e-child\" data-id=\"9d2e4f0\" data-element_type=\"container\" data-e-type=\"container\">\n\t\t\t\t<div class=\"elementor-element elementor-element-5af77df elementor-widget elementor-widget-text-editor\" data-id=\"5af77df\" data-element_type=\"widget\" data-e-type=\"widget\" data-settings=\"{&quot;ekit_we_effect_on&quot;:&quot;none&quot;}\" data-widget_type=\"text-editor.default\">\n\t\t\t\t<div class=\"elementor-widget-container\">\n\t\t\t\t\t\t\t\t\t<h2 data-section-id=\"12anoo5\" data-start=\"316\" data-end=\"358\"><span role=\"text\"><strong data-start=\"322\" data-end=\"358\">Schneller &amp; pers\u00f6nlicher Service<\/strong><\/span><\/h2><p data-start=\"359\" data-end=\"523\">Kurze Wartezeiten, schnelle Terminvergaben und eine pers\u00f6nliche Beratung stehen bei uns an erster Stelle. Wir k\u00fcmmern uns darum, dass Sie schnell wieder mobil sind.<\/p>\t\t\t\t\t\t\t\t<\/div>\n\t\t\t\t<\/div>\n\t\t\t\t<\/div>\n\t\t\t\t\t<\/div>\n\t\t\t\t<\/div>\n\t\t<div class=\"elementor-element elementor-element-9bd168f e-flex e-con-boxed e-con e-parent\" data-id=\"9bd168f\" data-element_type=\"container\" data-e-type=\"container\">\n\t\t\t\t\t<div class=\"e-con-inner\">\n\t\t<div class=\"elementor-element elementor-element-ad1ed08 e-con-full e-flex e-con e-child\" data-id=\"ad1ed08\" data-element_type=\"container\" data-e-type=\"container\">\n\t\t\t\t<div class=\"elementor-element elementor-element-cbd04a0 elementor-view-default elementor-widget elementor-widget-icon\" data-id=\"cbd04a0\" data-element_type=\"widget\" data-e-type=\"widget\" data-settings=\"{&quot;ekit_we_effect_on&quot;:&quot;none&quot;}\" data-widget_type=\"icon.default\">\n\t\t\t\t<div class=\"elementor-widget-container\">\n\t\t\t\t\t\t\t<div class=\"elementor-icon-wrapper\">\n\t\t\t<div class=\"elementor-icon\">\n\t\t\t<i aria-hidden=\"true\" class=\"far fa-credit-card\"><\/i>\t\t\t<\/div>\n\t\t<\/div>\n\t\t\t\t\t\t<\/div>\n\t\t\t\t<\/div>\n\t\t\t\t<\/div>\n\t\t<div class=\"elementor-element elementor-element-aaba3cf e-con-full e-flex e-con e-child\" data-id=\"aaba3cf\" data-element_type=\"container\" data-e-type=\"container\">\n\t\t\t\t<div class=\"elementor-element elementor-element-a321a61 elementor-widget elementor-widget-text-editor\" data-id=\"a321a61\" data-element_type=\"widget\" data-e-type=\"widget\" data-settings=\"{&quot;ekit_we_effect_on&quot;:&quot;none&quot;}\" data-widget_type=\"text-editor.default\">\n\t\t\t\t<div class=\"elementor-widget-container\">\n\t\t\t\t\t\t\t\t\t<div class=\"flex flex-col text-sm pb-25\"><section class=\"text-token-text-primary w-full focus:outline-none [--shadow-height:45px] has-data-writing-block:pointer-events-none has-data-writing-block:-mt-(--shadow-height) has-data-writing-block:pt-(--shadow-height) [&amp;:has([data-writing-block])&gt;*]:pointer-events-auto scroll-mt-[calc(var(--header-height)+min(200px,max(70px,20svh)))]\" dir=\"auto\" data-turn-id=\"request-69c8fbbe-e2dc-838e-b401-68b35677a1a1-48\" data-testid=\"conversation-turn-120\" data-scroll-anchor=\"false\" data-turn=\"assistant\"><div class=\"text-base my-auto mx-auto [--thread-content-margin:var(--thread-content-margin-xs,calc(var(--spacing)*4))] @w-sm\/main:[--thread-content-margin:var(--thread-content-margin-sm,calc(var(--spacing)*6))] @w-lg\/main:[--thread-content-margin:var(--thread-content-margin-lg,calc(var(--spacing)*16))] px-(--thread-content-margin)\"><div class=\"[--thread-content-max-width:40rem] @w-lg\/main:[--thread-content-max-width:48rem] mx-auto max-w-(--thread-content-max-width) flex-1 group\/turn-messages focus-visible:outline-hidden relative flex w-full min-w-0 flex-col agent-turn\"><div class=\"flex max-w-full flex-col gap-4 grow\"><div class=\"min-h-8 text-message relative flex w-full flex-col items-end gap-2 text-start break-words whitespace-normal outline-none keyboard-focused:focus-ring [.text-message+&amp;]:mt-1\" dir=\"auto\" data-message-author-role=\"assistant\" data-message-id=\"a15ef1f8-aebf-42aa-9dc0-7f4af23a1b2c\" data-message-model-slug=\"gpt-5-3\"><div class=\"flex w-full flex-col gap-1 empty:hidden\"><div class=\"markdown prose dark:prose-invert w-full wrap-break-word light markdown-new-styling\"><h2 data-section-id=\"1ho5fe2\" data-start=\"530\" data-end=\"567\"><span role=\"text\"><strong data-start=\"536\" data-end=\"567\">Transparente &amp; faire Preise<\/strong><\/span><\/h2><p data-start=\"568\" data-end=\"727\">Bei uns wissen Sie von Anfang an, welche Arbeiten durchgef\u00fchrt werden und welche Kosten entstehen. Ehrliche Beratung und faire Preise ohne versteckte Geb\u00fchren.<\/p><\/div><\/div><\/div><\/div><\/div><\/div><\/section><\/div><div class=\"pointer-events-none h-px w-px absolute bottom-0\" aria-hidden=\"true\" data-edge=\"true\">\u00a0<\/div>\t\t\t\t\t\t\t\t<\/div>\n\t\t\t\t<\/div>\n\t\t\t\t<\/div>\n\t\t\t\t\t<\/div>\n\t\t\t\t<\/div>\n\t\t\t\t<\/div>\n\t\t","protected":false},"excerpt":{"rendered":"<p>\u00dcber A&amp;G Car-Partner in Essen Wir setzen\u00a0 auf einen kundenorientierten Service, der [&hellip;]<\/p>\n","protected":false},"author":2,"featured_media":0,"parent":0,"menu_order":0,"comment_status":"closed","ping_status":"closed","template":"","meta":{"footnotes":""},"class_list":["post-6722","page","type-page","status-publish","hentry"],"_links":{"self":[{"href":"https:\/\/car-partner.de\/index.php\/wp-json\/wp\/v2\/pages\/6722","targetHints":{"allow":["GET"]}}],"collection":[{"href":"https:\/\/car-partner.de\/index.php\/wp-json\/wp\/v2\/pages"}],"about":[{"href":"https:\/\/car-partner.de\/index.php\/wp-json\/wp\/v2\/types\/page"}],"author":[{"embeddable":true,"href":"https:\/\/car-partner.de\/index.php\/wp-json\/wp\/v2\/users\/2"}],"replies":[{"embeddable":true,"href":"https:\/\/car-partner.de\/index.php\/wp-json\/wp\/v2\/comments?post=6722"}],"version-history":[{"count":55,"href":"https:\/\/car-partner.de\/index.php\/wp-json\/wp\/v2\/pages\/6722\/revisions"}],"predecessor-version":[{"id":8393,"href":"https:\/\/car-partner.de\/index.php\/wp-json\/wp\/v2\/pages\/6722\/revisions\/8393"}],"wp:attachment":[{"href":"https:\/\/car-partner.de\/index.php\/wp-json\/wp\/v2\/media?parent=6722"}],"curies":[{"name":"wp","href":"https:\/\/api.w.org\/{rel}","templated":true}]}}